rs of j.
2
Let n = -11 - -21. What are the prime factors of 4*n*(-2)/(-8)?
2, 5
Let d(y) = -9 + 5 + 5 - 25*y**3. List the prime factors of d(-1).
2, 13
Let n = 12 + 22. What are the prime factors of n?
2, 17
Let m = 2 - -4. What are the prime factors of (m - 2)*(-6)/(-4)?
2, 3
Suppose -h + 0 = 2. Let c be (-10)/15*9/h. Suppose -n + 8 = c*n. List the prime factors of n.
2
Suppose -210 = -2*s - 3*s. Suppose 4*x = x + s. List the prime factors of x.
2, 7
List the prime factors of 86/(-1 + 2 - -1).
43
Suppose -5*d = -3*d - 28. Let v = 0 - d. Let s = 1 - v. List the prime factors of s.
3, 5
Suppose 19 + 578 = 3*y. List the prime factors of y.
199
Let r(s) = s**3 - 8*s**2 + 7*s + 3. Let t be r(7). Suppose 5*w + 12 = -t*z + 3, 0 = -z - 3. What are the prime factors of (-6)/(-3) - w/1?
2
Let n = -64 + 91. Suppose 2*s + 36 = 4*o, 2*o + 9 - n = -4*s. Suppose 0 = t - i - o, i - 3*i = 3*t - 12. What are the prime factors of t?
2, 3
Suppose -385 = -5*h + c, 3*h = 6*c - c + 209. What are the prime factors of h?
2, 3, 13
Let i = 208 - 63. List the prime factors of i.
5, 29
Let h = 12 + -7. List the prime factors of h.
5
List the prime factors of (1240/(-30))/(2/(-3)).
2, 31
Suppose d = -3*d + 52. Suppose 0 = -v + 4*x, -2*v - d + 6 = -x. What are the prime factors of (-1)/v - (-54)/8?
7
Suppose -18 = -4*m + 2. Let u be m/5*1*-11. Let w = 18 + u. What are the prime factors of w?
7
What are the prime factors of ((-115)/2 - 4)*(-8)/6?
2, 41
Let f(j) = j**3 - 3*j**2 - 13*j + 24. What are the prime factors of f(7)?
3, 43
Let a = -7 - -5. What are the prime factors of (-10 - -9)/(a/62)?
31
Suppose -2*g = -0*g. Suppose 3*q + 57 + 6 = g. List the prime factors of (-246)/q + 2/7.
2, 3
Let h = 4 + 59. List the prime factors of h.
3, 7
Let k(t) = 2*t**3 - 9*t**2 + 20*t - 3. What are the prime factors of k(7)?
2, 191
Let i(c) be the second derivative of c**4/6 + c**2 + 7*c. List the prime factors of i(-2).
2, 5
Let r(z) = -z**2 - 17*z - 12. List the prime factors of r(-9).
2, 3, 5
Let k(d) = -d**2 + d. Let l be k(4). List the prime factors of (-2)/(-1 + l/(-16)).
2
Let p be (-1 + 54/(-4))*-2. Suppose 76 = 5*u - p. List the prime factors of 66/14 + 6/u.
5
What are the prime factors of (-21 - -18)*512/(-6)?
2
Let h be ((-9)/36)/((-2)/16). Suppose -h*r = -3*g + 61, 3*g = 7*g + 4*r - 68. List the prime factors of g.
19
Suppose -10 = -0*b + 5*b. List the prime factors of (b - -5)/((-6)/(-28)).
2, 7
Suppose -229 = -3*t + 71. Suppose 3*q - t = 65. List the prime factors of q.
5, 11
Suppose -3*b = 3*v - 4*v, 0 = -5*v - 4*b - 95. What are the prime factors of (-4)/(-6) + (-65)/v?
5
Let u = 13 - 8. Suppose u*n + 9 = 4. List the prime factors of (0 - -1)*(4 - n).
5
Suppose 11*p = 58 + 30. Suppose 4*z + 13 = h, -3*h + 5*z + 20 = -h. Let g = p - h. What are the prime factors of g?
3
Let s = 28 - 21. Suppose -u + s + 22 = 0. What are the prime factors of u?
29
Let c = 50 + -26. Let q = c + 8. Suppose 4*j - q = 4*l + 4, -39 = -3*j - 3*l. What are the prime factors of j?
11
Suppose -8*q - 7*q = -2280. What are the prime factors of q?
2, 19
Let m = 9 - 6. Suppose -m*b + 12 = -3*s, -s - s = 0. Suppose -2*p - 3*k + 19 = -2*k, 5*p - b*k = 80. List the prime factors of p.
2, 3
Let l be 5/(-2) - (-4)/8. Let u = l + 5. List the prime factors of -3*u/(-9) + 6.
7
List the prime factors of -1*(-552)/8*26/6.
13, 23
Let b = -24 - -116. Let s = b + -55. What are the prime factors of s?
37
Suppose 0 = 5*a - 0*s + 4*s - 105, 2*s = -4*a + 84. Let u = 3 + a. Suppose -3*g = 3*t - 18, u = 2*t - 5*g - 16. List the prime factors of t.
2, 5
Suppose 3*x - 9 = 0, -c - 5*x + 23 = -3*x. List the prime factors of c.
17
Let i be (-2)/8 + (-1284)/(-16). Suppose 7*f = 3*f + 3*c + 61, -5*c - i = -5*f. What are the prime factors of f?
13
Suppose 0*p + 5*p = -5. List the prime factors of (5/10)/(p/(-50)).
5
Let b(g) = g**2 + 7*g - 14. List the prime factors of b(4).
2, 3, 5
Suppose -14 = -4*m - 6. Suppose -u = -2*y + 44, 3*u - m*u = 5*y - 104. List the prime factors of y.
2, 5
Let w = 55 + -29. Suppose 3*d + i = 176, -3*d + i - w + 198 = 0. Let k = d + -41. What are the prime factors of k?
17
Let w be -2*(2/(-2))/(-2). Let i be (w + 2)/((-3)/(-6)). Suppose 40 = 2*j + 3*p, -3*j + p = i*j - 117. List the prime factors of j.
23
Let r(m) = -m**2 + 2*m - 2. Let i be r(4). Let v(k) = -k**2 - 12*k - 10. What are the prime factors of v(i)?
2, 5
Let r(q) = -q**2 - 4*q + 3. Let m be r(-4). Suppose m*g - 62 = -2*n, 2*n - 55 = -n + 5*g. Suppose 0*s - n = -5*s. List the prime factors of s.
5
Let k = -10 + 1. Let v(x) = -x**2 - 10*x + 10. What are the prime factors of v(k)?
19
Let k = 7 - 3. Let g = -2 + 9. Let n = k + g. What are the prime factors of n?
11
What are the prime factors of -6*(-2 + -7) - (-2 - -1)?
5, 11
Let r(h) = -3*h - 1. Let z be r(2). Suppose -5*l = -0*l - 15, l = -5*o + 48. Let s = o + z. List the prime factors of s.
2
Suppose 3*r - 190 = h + 31, -5*r = -4*h - 359. Suppose -2*m + 5*v + 70 = v, 2*m - 3*v = r. List the prime factors of m.
3, 5
Suppose 0 = 4*x - 0*x - 64. Let f = x - 11. Let s = 8 + f. What are the prime factors of s?
13
Let b be 6/((18/4)/3). Let c(m) = -3*m + 4. Let l be c(b). Let r = l + 13. What are the prime factors of r?
5
Let w(n) = -n - 1. Let r be w(-2). Let i = -53 - -74. List the prime factors of (r + i)*(-3)/(-6).
11
What are the prime factors of 5/((1/(-4))/((-3)/6))?
2, 5
Let y(c) = 6*c**2 - c - 2. Let b be y(2). Let q(n) = 51*n**3 - n**2 - n + 1. Let v be q(1). Suppose -b - v = -5*i. List the prime factors of i.
2, 7
Suppose 2*g = -2 - 6. Let l = 0 - g. List the prime factors of ((-13)/(-2))/(2/l).
13
Suppose 0 = 3*l + 5*w - 0*w - 125, 0 = l + w - 39. Suppose -4*b - 4 = -5*z, -3*b - 5 + 2 = 2*z. Suppose z*g = 5*g - l. List the prime factors of g.
7
Let y = 19 + -13. Suppose -2*m - 12 = -y*m. What are the prime factors of 42/m + (0 - 2)?
2, 3
Let h = 23 - -1. What are the prime factors of h?
2, 3
Suppose -4*s = -4*v + 40, -4*v - 2*s + 2 = -56. What are the prime factors of v + -16 - (1 - 29)?
5
Suppose 0 = -x - u + 82, 0 = -x - 0*u + u + 72. What are the prime factors of x?
7, 11
Suppose 5*j - 140 = -5*b + 25, 3*j = 3*b + 117. What are the prime factors of j?
2, 3
Suppose 5*s + 41 - 1671 = 0. List the prime factors of s.
2, 163
Let n be 4 + (-2)/3*3. Let z(c) = c + 14. Let q be z(0). Suppose -v + 2*x = n*v - q, -v = -x - 5. What are the prime factors of v?
2
Let a(r) = -r + 8. Let b be a(4). Suppose 11 = -c - 3*l, -21 = -0*c - b*c + l. What are the prime factors of c?
2
Let b(a) = a**2 + 6*a + 8. Let j be 6/21 - 38/(-14). Suppose 4*p + 16 = -2*v, 8 + 6 = -j*v + 4*p. What are the prime factors of b(v)?
2
Suppose -2*g = -29 - 21. What are the prime factors of g?
5
List the prime factors of 1/((-2)/(-8)) - -23.
3
Let y(f) = -f**2 + 1 + 5*f + 0*f**2 + 5. Let h be y(6). Suppose h = 5*t - 25, u - 6*t + 20 = -t. List the prime factors of u.
5
Let k be -5*(16/(-10))/4. Suppose 6 = o - 2*u, -k*u + u = -4*o + 38. List the prime factors of o.
2, 5
Suppose 2*n + 2*n = 40. What are the prime factors of n?
2, 5
Let k(n) = -n**3 - 9*n**2 - 11*n - 1. Let d = -10 + 2. List the prime factors of k(d).
23
Let x = -147 - -265. What are the prime factors of x?
2, 59
Suppose 14*i + 21 = 1421. List the prime factors of i.
2, 5
Suppose 2*a = -2*a + 168. List the prime factors of a/10 - (-3)/(-15).
2
Let v(c) be the third derivative of c**4/6 + c**3/3 + 4*c**2. Let h be v(2). Suppose -h = -z - z. List the prime factors of z.
5
Let i(o) = 80*o**2 + o + 1. What are the prime factors of i(-1)?
2, 5
Suppose 8*z = 884 - 324. What are the prime factors of z?
2, 5, 7
Let t = 3 + -2. Suppose -w = -3 - t. Suppose -11 = -3*i + w. List the prime factors of i.
5
Let z be (1/2)/((-1)/(-12)). Let i = 23 - z. What are the prime factors of i?
17
Suppose -2*k + 20 = 3*k. What are the prime factors of k?
2
Suppose 7*q = 382 + 1375. What are the prime factors of q?
251
Let a be -34*(6/2)/6. Let i = a + 107. Suppose -r + 2*c + 15 = -3, -i = -5*r - 5*c. What are the prime factors of r?
2, 3
Let j(g) = -2*g - 8. Let b be j(-7). List the prime factors of (-3)/((-14)/b + 2).
3
Suppose 53 + 19 = 4*x. Suppose -x = 3*n - 6*n. What are the prime factors of n?
2, 3
What are the prime factors of (-2)/(-9) - (-4092)/54?
2, 19
Let i = -1